 ((-6)/(-2))/(-1). Let s = -4 + r. Calculate a(s).
-6
Let q(k) be the second derivative of -k**6/120 + k**5/30 - k**4/12 + k**3/3 + k. Let t(r) be the second derivative of q(r). What is t(2)?
-6
Suppose -4*o - 8 = -9*o - 4*b, o = 2*b + 10. Let f(u) = -u**2 + 4*u + 2. What is f(o)?
2
Let g(i) = -6*i + 6. Let a(u) = u. Let y(d) = 5*a(d) + g(d). Determine y(7).
-1
Let k(v) = 14*v**3 - 19*v**2 - 47*v + 13. Let d(o) = -5*o**3 + 6*o**2 + 16*o - 4. Let l(u) = -17*d(u) - 6*k(u). Calculate l(-11).
1
Let w(c) be the third derivative of 0*c**4 + 6*c**2 - 1/15*c**5 + 1/6*c**3 + 0 + 0*c. Calculate w(1).
-3
Let j(f) be the third derivative of -3*f**5/20 + 15*f**2. Calculate j(1).
-9
Suppose 0 = 5*v - 0*v + v. Let z(y) = y + 26. Calculate z(v).
26
Let n(f) be the second derivative of f**5/20 + f**4/3 - 5*f**3/6 + 3*f**2 - 2*f. Suppose 5*k = 15, -u - k - 13 = u. Let j = -13 - u. Determine n(j).
6
Suppose 2*g = -4*d - 10, 5*g - 35 = 2*d - 0*d. Let b(n) = 2*n - 3. Determine b(g).
7
Let k(c) = 3 + 0 - 2 + 7*c**2 - 6*c**2. Determine k(2).
5
Let u(v) = -v**3 + v - 2. Let f(g) = g**3 + 7*g**2 - 3*g - 8. Let b be f(-7). Suppose 3*h + 2*k + 26 = -2*k, k = -4*h - b. Determine u(h).
4
Let h(j) = -j**2 - 3*j + 4. Let n be h(-5). Let x(m) be the second derivative of -m**4/12 - m**3 - 5*m**2/2 - 2*m. Determine x(n).
-5
Let v(k) = k - 1. Let n(o) = -5*o + 8. Let d(q) = -n(q) - 4*v(q). Determine d(-4).
-8
Let h(k) = 4*k**3 - 3*k**2 - 6. Let m(t) = 7*t**3 - 5*t**2 - 11. Let v(s) = -5*h(s) + 3*m(s). Give v(0).
-3
Let l(z) be the second derivative of 1/12*z**4 - 3/2*z**2 - 1/10*z**5 + 2*z + 0 + 2/3*z**3. Calculate l(2).
-7
Let w(a) = a + 13. Let y be w(-8). Let g = 10 - y. Let f(o) = 5*o + 33. Let v(k) = -k - 8. Let m(r) = -2*f(r) - 9*v(r). What is m(g)?
1
Let r(q) = q**3 + q**2 + 5*q + 1. Let k(v) = -2*v**2 - 6*v - 3 - v**3 + 4 - 2. Let l(a) = -3*k(a) - 4*r(a). What is l(2)?
-5
Let p(j) = -5*j**2 - 4*j**2 + 8*j**2 - 3 + 4. Determine p(2).
-3
Let w(u) = -u**2 - 8*u + 2. Let y(g) = -g. Let z(b) = w(b) - y(b). Determine z(-7).
2
Let r(c) = -2*c**3 - 7*c**2 + 3*c + 5. Let i(p) = -5*p**3 - 20*p**2 + 9*p + 14. Let n(q) = -3*i(q) + 8*r(q). Suppose 27*l - 31*l = -12. Give n(l).
-2
Let u(k) = k**3 - 6*k**2 - 3*k - 1. Let f(n) = -4*n - 18. Let q be f(-6). Determine u(q).
-19
Let r(q) = -6 + 6 + 2 - q**2 - 5 - 4*q. What is r(-3)?
0
Let j(d) = -2*d - 6 + d + 4. Let a be j(-4). Let q(i) = 3*i + 1 + 0*i - a - i**2 - 2*i. What is q(0)?
-1
Let n(k) = 2*k**2 - k - 7. Let t(i) = -2*i - 2 - 13*i**2 + 14*i**2 - 4. Let f(x) = 3*n(x) - 4*t(x). Calculate f(-3).
6
Let u(t) be the third derivative of -t**4/24 - t**3/3 - 20*t**2 - t. What is u(3)?
-5
Let z be (-1)/(4/9)*-4. Let w = z + -15. Let r(h) = h + 8. Give r(w).
2
Let n(y) = -2*y**2 - 5*y + 1. Suppose 20 = -7*g + 2*g. Give n(g).
-11
Let h(l) be the first derivative of 0*l**2 + 1/4*l**4 + 0*l**3 - 7*l + 3. Calculate h(0).
-7
Let w(t) = -6*t**2 - 1. Let m be w(-1). Let a(f) = -2*f - 8. What is a(m)?
6
Let z(a) = -4*a - 12. Let p(q) = -15*q - 13. Let v(y) = -7*y - 7. Let m(n) = -4*p(n) + 9*v(n). Let d(i) = 3*m(i) - 2*z(i). Determine d(-6).
-3
Let d = 18 + -15. Let x(j) = j**3 - 2*j**2 - 4*j + 3. Determine x(d).
0
Let j(p) = 7 - 5 + 0 + 5 - p**2 - p. What is j(0)?
7
Let n be 1/3 - (-14)/(-6). Let y be 6/4*(n - -4). Let l(k) = 4*k - 11. Let a(f) = 11*f - 32. Let u(p) = y*a(p) - 8*l(p). Determine u(0).
-8
Let h(b) = -b**3 + 4*b**2 + 3*b - 2. Suppose -3*c + 15 = 0, 31 = -2*u + 6*u + 3*c. Calculate h(u).
10
Let i(x) = x - 1. Let c(j) = -1 - 3*j + j + 7*j. Let u(h) = c(h) - 3*i(h). Calculate u(-3).
-4
Let i(f) = f - 4. Let a be i(4). Let m(u) = a*u + u + u**3 - u + u + u**2 - 2. Give m(0).
-2
Let u(w) = 9*w**2 + 11*w + 6. Let j(g) = -14*g**2 - 19*g - 7. Let l(i) = -i + 1. Let s(d) = -j(d) + 2*l(d). Let a(q) = -5*s(q) + 8*u(q). What is a(-3)?
12
Suppose -3*g - 4*b + 22 = 0, 3*g - 5*b - 3 + 17 = 0. Suppose -2*z + 5*z - 9 = 0. Let q(u) = -8 + 3 + z*u + 3. Calculate q(g).
4
Suppose 2*k + 3*k + 4 = 4*p, -5*p + 50 = 5*k. Let s(i) = -i - p*i + 0*i. What is s(1)?
-7
Let w(b) = 0 + 2 - 3*b + 2*b. Suppose 0 = 7*y + 13 + 15. What is w(y)?
6
Let n(s) = -1 + 12*s**2 - 2*s**3 + 16 - s**3 + 8*s. Let a(d) = 2*d**3 - 8*d**2 - 5*d - 10. Let b(m) = 8*a(m) + 5*n(m). Let i be 28/6 - (-4)/(-6). Give b(i).
-5
Let c(s) be the first derivative of -s**4/4 + 5*s**3/3 - s**2/2 - 2*s - 20. Determine c(4).
10
Let k(p) be the first derivative of -2 - 1/2*p**2 + 0*p. Let w = 3 - -1. Calculate k(w).
-4
Let w(y) = -y**2 + y - 1. Let l be w(2). Let v(d) be the third derivative of -d**5/60 - 5*d**4/24 - 30*d**2. Calculate v(l).
6
Let o(i) = i**3 - i**2 + 12. Let b be o(0). Suppose -y - b = 2*y. Let x(l) = -l**2 - 3*l - 2. What is x(y)?
-6
Let s(n) be the third derivative of -n**5/60 - n**3/2 - 36*n**2. What is s(0)?
-3
Let v(j) = j + j**2 + 3 - j**2 - 3*j**2 - 3*j. Give v(2).
-13
Suppose 5*i - 14 - 1 = 0. Let o be -1 - (1 - 1) - i. Let r = -1 + o. Let w(m) = 2*m + 6. Calculate w(r).
-4
Let p be 96/28 - 6/14. Let l(t) be the third derivative of -p*t**2 + 0*t + 0*t**4 - 1/60*t**5 + 0 + 5/6*t**3. Determine l(0).
5
Let y = 15 + -7. Let f(p) = p + 5*p - 2 - y*p. Suppose -5*r + 10*r = c - 16, -2*r - 12 = c. Give f(r).
6
Let g(w) = 8*w**3 - 5*w**2 - 5. Let i(s) = 4*s**2 + 2*s**3 + 2 - 6*s**3 + 1 - s**2. Let l(z) = 3*g(z) + 5*i(z). Give l(1).
4
Let a = 9 - 14. Let i be ((-4)/a)/(4/(-10)). Let g(x) = -2*x**2 - x - 1. Give g(i).
-7
Let q be (-2 + (-6)/(-3))/(-1). Let j(u) be the third derivative of u**6/120 + 2*u**3/3 + u**2. Give j(q).
4
Let h(q) be the second derivative of q**3/3 + q**2 - q. Let k = 29 - 33. Calculate h(k).
-6
Let w(c) = -c - 1. Let l(n) = n - 7. Let v be l(9). Determine w(v).
-3
Let g(w) = w**3 - 3*w**2 - 3*w + 7. Let p(u) = 2*u**3 - 7*u**2 - 6*u + 14. Let i(r) = 5*g(r) - 3*p(r). Give i(6).
11
Let z(m) = 2*m - 7. Let x(n) = 3*n - 14. Let i(h) = 3*x(h) - 5*z(h). Give i(-4).
-3
Let q(d) = -d**2. Let o(k) = -k**3 + 10*k**2 - k - 2. Let r(i) = -o(i) - 6*q(i). Suppose -2*s + 16 = -0*s. Let b = s + -5. Determine r(b).
-4
Let g(v) = -2*v**3 + 9*v**2 + 31 - 39 + 15 - 7*v. Let d(c) = c**3 - 5*c**2 + 4*c - 4. Let k = -25 + 18. Let f(r) = k*d(r) - 4*g(r). Determine f(0).
0
Let p be -7 - 0 - (3 - 2). Let h be ((-20)/p)/(2/(-4)). Let b(f) = -1 + 6*f - 7*f - 3. Calculate b(h).
1
Suppose 4*b - 13 = 3. Let l(c) be the first derivative of c**2/2 - 9*c + 2. What is l(b)?
-5
Let t(h) = h**2 - 6*h - 2*h**2 + 0*h - h**3 + 7*h + 2. Calculate t(0).
2
Suppose 4*r - 26 = 2. Let v = r + -12. Let y(l) = l + 12. Determine y(v).
7
Let a(q) = q**2. Suppose -4*p + 10 - 6 = 0. Give a(p).
1
Let z(b) = 3 + 0*b + 3*b - 2*b. Let f be (-2)/5 - (-65)/(-25). Determine z(f).
0
Let d(c) = -c**3 + c**2 - 2*c - 1. Let m = -23 + 25. Determine d(m).
-9
Let r be ((-2)/4)/((-3)/6). Let o(b) = -3*b**2 + b + 0*b**2 + 4*b**2. Calculate o(r).
2
Let w(h) = -h + 2*h**2 - 2 + 353*h**3 - 352*h**3 + 0*h. What is w(-3)?
-8
Let w(q) = -1 + 0*q**2 - 6*q**2 + 2*q + 4. Determine w(-2).
-25
Let r(l) = -4*l + 0*l + 0 + 6 + 2*l. Let w(c) = -c**3 + 6*c**2 + 2*c - 6. Let x be w(6). Determine r(x).
-6
Let b(k) = 11 - k - 2 - 5. Give b(3).
1
Let q(i) be the second derivative of -i**3/6 + i**2/2 - 6*i. Calculate q(0).
1
Let y(c) = 5*c**3 + c**2 - 2*c - 4. Let l(d) = -6*d**3 + 2*d + 5. Let i(t) = -4*l(t) - 5*y(t). Determine i(-5).
-10
Suppose -17*s + 19*s - 4 = 0. Let r(t) be the first derivative of 7/2*t**s + 1 - 4*t - 1/3*t**3. Calculate r(4).
8
Let x(c) = -2*c**2 - 8*c - 7. Let m(h) = -h**2 - h. Let j(t) = -3*m(t) + x(t). Give j(5).
-7
Suppose 16 = 4*u + w, 2 = 5*u - 4*w + 3. Let i(c) = -c**2 + 2*c + 2. What is i(u)?
-1
Let o(d) be the second derivative of d**5/20 - 3*d**4/4 - d**3/6 + d**2 + 2*d - 6. Give o(9).
-7
Let t(l) = -l**2 - 2*l + 2. Let h(q) = -6*q + 20. Let p be h(4). Calculate t(p).
-6
Let v(b) = b**2 - 3*b - 5. Let q(f) = f + 4. Let h be q(-6). Let p be v(h). Let u(m) = m + 1. Determine u(p).
6
Let m(j) be the second derivative of -5*j**4/6 - j**3/3 - j**2/2 + 6*j - 5. Let q = 3 + -4. Calculate m(q).
-9
Let a(r) be the second derivative of r**3/3 + 5*r**2/2 - 2*r. Let n = -13 + 9. Calculate a(n).
-3
Let b(p) = -p**3 + 2*p**2 + 4*p + 3. Suppose 3*x = 7*x + 5*r - 31, -2*x - 1 = -3*r. Give b(x).
-13
Let j(n) = n**2 - 10*n + 3. Le